5195831 a composite number?
False
Is 103428853 a prime number?
False
Is 963269 a prime number?
False
Is 3178367 a composite number?
False
Is 705776371 prime?
False
Is 1322681 composite?
False
Is 7025181 a prime number?
False
Is 70183307 a prime number?
False
Is 5916077 a composite number?
False
Is 8051469 prime?
False
Is 33830387 prime?
False
Is 20116801 a composite number?
True
Is 93200051 composite?
True
Is 3030841 a prime number?
False
Is 56127581 a composite number?
True
Is 12588683 composite?
False
Is 18719713 a prime number?
True
Is 142733 a composite number?
False
Is 7029059 a prime number?
False
Is 333875281 a composite number?
True
Is 2721781 prime?
False
Is 191975353 composite?
False
Is 10805287 prime?
False
Is 6699597 composite?
True
Is 37127257 prime?
False
Is 28605567 a composite number?
True
Is 784620341 a prime number?
True
Is 295486481 prime?
False
Is 313411793 a composite number?
True
Is 3535339 composite?
True
Is 23547511 a prime number?
False
Is 407738959 composite?
True
Is 85448759 prime?
False
Is 872647 composite?
False
Is 1703041 a prime number?
True
Is 183058171 a prime number?
False
Is 48735257 prime?
True
Is 81709321 prime?
True
Is 1115687 a prime number?
False
Is 59441029 prime?
True
Is 181048739 composite?
True
Is 355612109 composite?
False
Is 712750787 a prime number?
False
Is 23491427 a composite number?
True
Is 33771421 a composite number?
False
Is 91869671 a composite number?
False
Is 9700357 prime?
True
Is 74387 a composite number?
True
Is 3861709 a composite number?
False
Is 8365157 composite?
False
Is 56184421 composite?
False
Is 18475927 composite?
False
Is 550453 composite?
True
Is 69463851 a prime number?
False
Is 3609739 a prime number?
False
Is 366454997 prime?
True
Is 17479067 a prime number?
True
Is 52297467 a prime number?
False
Is 10371659 a prime number?
True
Is 15784121 a prime number?
False
Is 1377107 composite?
False
Is 75661 prime?
False
Is 8195366 a composite number?
True
Is 5274219 a prime number?
False
Is 5578109 a prime number?
False
Is 142271 composite?
False
Is 5941918 a prime number?
False
Is 9492233 composite?
False
Is 655634867 a composite number?
False
Is 28524707 a composite number?
False
Is 4114931 composite?
False
Is 14629133 prime?
False
Is 8005727 a prime number?
False
Is 2074193 composite?
True
Is 25814291 a prime number?
True
Is 19362353 a prime number?
True
Is 204471469 a composite number?
True
Is 630619 a prime number?
False
Is 1821067 a prime number?
True
Is 8674307 a composite number?
False
Is 419779907 a composite number?
False
Is 318520873 composite?
True
Is 56427721 a composite number?
True
Is 1388587 a composite number?
False
Is 8563109 prime?
True
Is 14574437 a prime number?
True
Is 2779163 a composite number?
False
Is 37991567 composite?
False
Is 13089863 prime?
True
Is 5121737 prime?
True
Is 12021287 a composite number?
False
Is 479869501 prime?
True
Is 124039969 a composite number?
True
Is 5305553 composite?
True
Is 110763071 composite?
False
Is 6013451 composite?
True
Is 2068877 composite?
False
Is 9610033 prime?
True
Is 4001233 a prime number?
False
Is 23603849 a composite number?
False
Is 1000271 prime?
False
Is 4131917 a prime number?
True
Is 7863559 composite?
True
Is 83893951 composite?
False
Is 4045681 a composite number?
False
Is 19788919 composite?
True
Is 5672339 prime?
False
Is 91504001 a prime number?
True
Is 1296917 prime?
False
Is 10939963 composite?
False
Is 2031829 a composite number?
True
Is 1811647795 a composite number?
True
Is 7274629 prime?
True
Is 392245927 a composite number?
True
Is 118386101 prime?
True
Is 301909367 a composite number?
False
Is 148022843 a prime number?
False
Is 109456981 composite?
True
Is 477131 prime?
True
Is 40632778 a composite number?
True
Is 3247093 a prime number?
True
Is 42958453 a prime number?
True
Is 5072983 composite?
False
Is 19833367 prime?
False
Is 1286371 composite?
False
Is 11593837 a prime number?
False
Is 147769 prime?
True
Is 509716843 a prime number?
True
Is 5939841 a prime number?
False
Is 56030939 prime?
True
Is 23401513 prime?
True
Is 2795189 a prime number?
True
Is 4763477 a prime number?
True
Is 39678709 a composite number?
True
Is 98364221 prime?
False
Is 15763201 prime?
False
Is 14541257 a prime number?
True
Is 57512863 a prime number?
True
Is 6971167 composite?
True
Is 58987307 a prime number?
True
Is 2638959 a prime number?
False
Is 1972813 a composite number?
False
Is 78194413 a prime number?
False
Is 15876865 a prime number?
False
Is 3748289 composite?
False
Is 24383893 a prime number?
True
Is 718883 a composite number?
True
Is 39661 prime?
False
Is 259979917 prime?
True
Is 111495827 prime?
True
Is 947539 a prime number?
True
Is 4364647 a composite number?
True
Is 10710751 a prime number?
True
Is 1684386415 a prime number?
False
Is 61458223 a composite number?
True
Is 101182241 a prime number?
True
Is 53747651 a prime number?
True
Is 14779223 a prime number?
True
Is 81040667 a prime number?
True
Is 85206971 composite?
False
Is 96102469 composite?
False
Is 11579993 composite?
False
Is 9808319 a prime number?
True
Is 60734035 a prime number?
False
Is 60990767 a prime number?
True
Is 3574127 a composite number?
False
Is 60122879 a composite number?
True
Is 4437931 composite?
True
Is 2135037 a prime number?
False
Is 10646603 a prime number?
False
Is 76644751 composite?
False
Is 68071447 composite?
False
Is 1044817 a composite number?
True
Is 19180333 prime?
False
Is 8321251 prime?
False
Is 51907643 a composite number?
False
Is 11896883 a composite number?
True
Is 18451501 prime?
True
Is 10184695 prime?
False
Is 939047 prime?
False
Is 176591 a prime number?
True
Is 110969 a prime number?
True
Is 21869543 prime?
False
Is 34176671 composite?
False
Is 7490093 a prime number?
False
Is 339943 composite?
False
Is 150737942 composite?
True
Is 13476233 composite?
False
Is 226894613 composite?
True
Is 43116323 a composite number?
False
Is 4611011 composite?
False
Is 3185177 a prime number?
True
Is 21008521 a composite number?
False
Is 35697797 prime?
True
Is 2643209 composite?
False
Is 114941681 composite?
False
Is 193377781 prime?
False
Is 2731829 a prime number?
False
Is 5019239 a composite number?
True
Is 540550006 prime?
False
Is 1097599 a composite number?
False
Is 5277557 a composite number?
True
Is 418423651 a prime number?
True
Is 39964871 a composite number?
True
Is 297059 a composite number?
True
Is 108870737 a composite number?
True
Is 34285298 prime?
False
Is 1149663 a prime number?
False
Is 1133235127 prime?
True
Is 7987177 prime?
False
Is 20873519 a prime number?
True
Is 59838139 composite?
True
Is 5609239 a prime number?
False
Is 55001917 composite?
True
Is 647362541 composite?
True
Is 51984259 a prime number?
True
Is 16854911 prime?
True
Is 3473339 prime?
False
Is 14324053 a composite number?
False
Is 2483267 a composite number?
True
Is 23051051 prime?
True
Is 6908771 a prime number?
True
Is 115635209 composite?
True
Is 68944067 a prime number?
True
Is 7758043 composite?
False
Is 2757299 a composite number?
True
Is 2441247 a composite number?
True
Is 112954551 prime?
False
Is 765961 a composite number?
True
Is 81304802 prime?
False
Is 1064663797 a prime number?
True
Is 355810706 a composite number?
True
Is 11884255 a prime number?
False
Is 36475259 a composite number?
False
Is 2888831 a composite number?
True
Is 73291549 prime?
True
Is 304132501 prime?
False
Is 2945795 prime?
False
Is 839035291 composite?
False
Is 2431909 a composite number?
False
Is 4956437 prime?
True
Is 437827 prime?
False
Is 466781 a prime number?
False
Is 218094571 a prime number?
True
Is 2227201 a composite number?
False
Is 10035499 composite?
False
Is 14293891 a prime number?
True
Is 1270589 a composite number?
True
Is 6611141 a prime number?
True
Is 1037293 a prime number?
True
Is 477143279 prime?
False
Is 209700653 composite?
True
Is 10078567 a prime number?
False
Is 366999169 a prime number?
True
Is 89165123 composite?
True
Is 26326121 composite?
False
Is 157875689 a composite number?
False
Is 1515469 prime?
True
Is 130003 prime?
True
Is 5446291 a composite number?
False
Is 22700855 a composite number?
True
Is 5619037 a composite number?
False
Is 3287615 composite?
True
Is 47763959 prime?
True
Is 14462029 a com